t is the tens digit of h*(2 - 0 - -21)?
9
Let l(s) be the first derivative of 7*s**3 - s**2/2 - 2*s + 72. What is the tens digit of l(-4)?
3
Let t(p) = 8*p**2 + 4*p - 6. Let b(v) = 31*v**2 + 16*v - 25. Let u(i) = 2*b(i) - 9*t(i). Let y be u(4). Let z = 350 + y. What is the tens digit of z?
7
Suppose 5*d - 813 = 3*u + 423, u = 3. Suppose -p + 4*i = -0*i - 257, p - d = 2*i. Suppose 3*s = 44 + p. What is the units digit of s?
5
Let d(n) = 2*n - 34. Let w be d(10). Let u be (1*-4)/(6 + 91/w). Suppose -u*z + 36 = -5*z. What is the units digit of z?
2
Suppose 13 = -4*x + 25. Suppose -13*k - 150 = -15*k. Suppose -2*y - 441 = -5*l, -4*y + 324 - k = x*l. What is the units digit of l?
7
Suppose 9451*w = 9461*w - 88310. What is the units digit of w?
1
What is the thousands digit of (8 - (-7615)/(-10))/((-8)/368)?
4
Let z(p) = 6*p + 32. Let u be z(-5). Suppose -6*m = 2*h - 4*m - 116, -u*m = -2*h + 100. Suppose -l + 44 = -h. What is the units digit of l?
8
Suppose y = -5*c + 23, 4*c + 156 - 12 = 5*y. Let g be y/(4 + -3)*1. Suppose 4*p + 4*s = 44, 3*s + g = 2*p - s. What is the tens digit of p?
1
Let v(g) = 68*g**2 - 127*g - 246. What is the ten thousands digit of v(25)?
3
Let w = -3549 - -3553. Let r(v) = 2*v - 7. Let c be r(5). Suppose w*g = -c*g + 595. What is the tens digit of g?
8
Let i(y) = y**2 - 11*y - 28. Let f be i(13). What is the hundreds digit of 3878/26 - f/(-13)?
1
Suppose -3751*k = -3735*k - 864800. What is the ten thousands digit of k?
5
Let o be 1*(-9 + 15/5). Let y(b) = -9*b**2 - 13*b + 29. Let v(x) = 3*x**2 + 4*x - 10. Let r(p) = o*y(p) - 17*v(p). What is the units digit of r(-9)?
9
Let t(d) = 1781*d**2 + 21*d - 6. What is the tens digit of t(1)?
9
Suppose 5303 + 2446 = -9*w. Let z = 177 - w. What is the tens digit of z?
3
Suppose 476 = -6*r - 196. What is the thousands digit of 1/(r/(-115328)) - 4/(-14)?
1
Suppose -4*d = r - 61535, -5*d - 19*r = -16*r - 76910. What is the thousands digit of d?
5
Suppose 0 = -5*k + 2*c + 126084, 6*k = 7*k - 3*c - 25235. What is the units digit of k?
4
Let j(w) = w + 199. Let o be j(-40). Let p be 12*(-1 + 140/6). Let d = p - o. What is the units digit of d?
9
Let u(t) = 28050*t**3 - 3*t**2 - 180*t + 181. What is the units digit of u(1)?
8
Let i(w) = -w**2 + 36*w + 154. Suppose -8*h - 70 = -10*h. What is the units digit of i(h)?
9
Suppose 2*p - 9417 = -p. What is the hundreds digit of p?
1
Let s(l) = -2*l**3 - 2*l**2 - 4*l - 7. Let v be s(-3). Let q = v + -37. Let z(y) = y**3 - 2*y**2 + 5*y + 2. What is the tens digit of z(q)?
5
Let w(x) = -x**2 - 30*x + 59. Let g be w(-31). What is the hundreds digit of (-10)/35 - ((-42932)/g - -4)?
5
Suppose -1181 = -2*g + 7156 - 1797. What is the hundreds digit of g?
2
Let y(w) = 9*w**2 - 8*w - 102. Let i(c) = -9*c**2 + 9*c + 101. Let n(u) = 4*i(u) + 5*y(u). What is the tens digit of n(10)?
5
Suppose -26*b + 28*b = 102. Suppose 62*o = b*o + 16027. What is the thousands digit of o?
1
Let z(w) = w**2 - w - 1. Let m(g) = 2*g**2 - 4*g - 23. Let v(t) = m(t) - 3*z(t). Let s(h) be the first derivative of v(h). What is the units digit of s(-9)?
7
Let o(n) be the third derivative of -1/8*n**4 - 1/2*n**5 - 1/120*n**6 + 0 + 38*n**2 + 0*n - 12*n**3. What is the units digit of o(-30)?
8
Let v be 12*((-28)/(-56))/(2/(-14)). Let d(r) = 6*r**2 - 4*r + 1. Let n be d(-3). Let w = n + v. What is the tens digit of w?
2
What is the units digit of ((-132060)/(-5))/((-462)/70 - -7)?
0
Let n be ((1/(-3))/(-1))/((-2)/(-144)). Suppose 0 = n*q - 41*q + 6154. What is the hundreds digit of q?
3
Let h = -127529 - -195399. What is the hundreds digit of h?
8
Let h = 21301 - 10726. What is the thousands digit of h?
0
Let h(q) = 20 - 4 - 7 + 48*q - 5. What is the tens digit of h(6)?
9
Let t(l) = -l**3 - 2*l**2 - 2*l + 1077. Let x(s) = 2*s**3 + 4*s**2 + 5*s - 2158. Let z(k) = 7*t(k) + 3*x(k). What is the units digit of z(0)?
5
Let h(g) = -g**3 - 6*g**2 + 4*g - 8. Let p be h(-7). Suppose 0 = -2*l - p + 23. Suppose -3*b = t - 182, -l*b + 294 = 5*t - t. What is the units digit of b?
2
Let z be (33/(-1))/((-6)/(-8)). Let s = -813 - -869. Let r = z + s. What is the units digit of r?
2
Let u(x) = 3*x**2 + 3*x - 18. Suppose 8*g + 119 = -105. Let l = 22 + g. What is the units digit of u(l)?
2
Suppose 0 = -4*f - l + 203, 0 = 11*f - 6*f + 3*l - 252. What is the units digit of f?
1
Let d(r) = -r**3 + 61*r**2 + 6*r - 509. What is the units digit of d(60)?
1
Let k(i) be the second derivative of 5*i**4/12 + i**3/6 + 25*i**2 + i + 3. What is the units digit of k(7)?
2
Let w = -20 + 12. Let f be w*(-8)/(-12)*-24. Let h = -64 + f. What is the units digit of h?
4
What is the tens digit of (-722974)/(-20) - (-384)/1280?
4
What is the hundreds digit of 2/((-1 - -3 - -1) + 64753/(-21590))?
5
Let b = 39 + -39. Suppose b = -i - 3*i + 8. What is the units digit of (i - (-17)/(-4))/(1/(-16))?
6
Let k(s) = 5*s**3 - s + 4. Let l(r) = -9*r**3 + r**2 + 2*r - 9. Let q(i) = -7*k(i) - 4*l(i). Let a be q(4). What is the tens digit of 1028/6 - a/12?
7
Let j(k) = k**3 - 19*k**2 + 19*k - 12. Let b be j(18). Suppose i - b*i = -15. Suppose 5*c = -5*x + 490, -1 + 7 = -i*x. What is the hundreds digit of c?
1
Suppose -23*g = -20*g - 15. Suppose -5278 = -3*i + g*b - 10*b, 3*i - 5318 = 5*b. What is the hundreds digit of i?
7
Suppose 26*g - 282 = 20*g. Let a = g + 132. What is the hundreds digit of a?
1
Let t = -159 + 147. Let k(z) be the first derivative of 2*z**3/3 + 3*z**2 - 18*z + 4. What is the hundreds digit of k(t)?
1
Let h = -163 - -167. What is the units digit of -177*(h/(-3) + 1)?
9
Suppose 24 = -15*q + 13*q. What is the tens digit of ((6 - 3) + -6)*6404/q?
0
Let y = 2201 - -6516. What is the units digit of y?
7
Suppose 0 = -3*g + 4*g + 5*w - 14940, 4*w = -g + 14943. What is the units digit of g?
5
Suppose 255432 - 1526142 = -42*r. What is the ten thousands digit of r?
3
Let y(r) = 119*r**2 - r + 1253. What is the hundreds digit of y(0)?
2
Let q(h) = -2*h**2 + 6*h + 1630. Let w = -650 + 650. What is the tens digit of q(w)?
3
Let c(w) = -1511*w - 52. Let m be c(-2). Suppose 0 = 431*v - 446*v + m. What is the hundreds digit of v?
1
Let v(y) = 2*y - 1 + 67*y**2 + 131*y**2 - y**2. Suppose 0 = t - 34*t + 33. What is the hundreds digit of v(t)?
1
Let l be (-5)/2*(-48)/10. What is the hundreds digit of 366/9*l + 6?
4
Let l = 294482 - 199008. What is the units digit of l?
4
Let a = -173 - -28. Let u = a - -232. What is the units digit of u?
7
Let w(z) = 8*z - 25. Let l be w(6). Let k(c) = l - 337*c - 338*c + 657*c. What is the tens digit of k(-4)?
9
Let r(y) = 592*y**2 + 32*y - 113. What is the hundreds digit of r(4)?
4
Let q = -52 + 52. Suppose q = 16*w - 3*w - w. Suppose -s + 11 = -w*s - 3*t, -4*t = 12. What is the units digit of s?
2
Let m be ((-110)/(-88))/(6/984). Suppose 0 = 3*h - 4*p + 177 + 118, 4*h + 2*p + 364 = 0. Let u = h + m. What is the hundreds digit of u?
1
Suppose -20*x + 7*x = -0*x - 15314. What is the units digit of x?
8
What is the tens digit of (659*2*(-2 - -5))/(114/532)?
5
Let y be (26352/(-135))/(2/(-25)). Suppose -y = -5*i - 2*r + 3*r, -984 = -2*i + 2*r. What is the hundreds digit of i?
4
Suppose 3*n = n + 40. Suppose t + 2*v = n + 26, -4*v + 260 = 5*t. Let u = -19 + t. What is the tens digit of u?
3
Suppose 10*w + 1526 = 12*w. Let d = -418 + w. What is the units digit of d?
5
Let w(b) = 84*b**2 + 11*b - 143. Let k be w(9). Suppose -4*t - 4*d = -k, -t - 2*d + 1690 = -5*d. What is the hundreds digit of t?
6
Suppose p = -3*p + 16. Let k(y) = 86*y + 31. What is the units digit of k(p)?
5
Let b = 1983 + -1272. Suppose 3*c + 5*m - b = 369, 5*c - 5*m - 1760 = 0. What is the tens digit of c?
5
Suppose -8*j + 9*j = -4*z + 4, 12 = -5*z + 3*j. Suppose 4*g + 0*g - 332 = z. Let q = 138 - g. What is the units digit of q?
5
Let h = 3101 - 2000. What is the hundreds digit of h?
1
Let j be (-1 + (-1 - 0))/((-70)/(-945)). Let s(l) = l**3 + 27*l**2 - 11*l - 50. What is the hundreds digit of s(j)?
2
Let y(z) = z**2 + 6*z + 9. Suppose 165 = -0*k + 3*k. Suppose k = -6*h + h. What is the units digit of y(h)?
4
Let n(m) be the first derivative of m**3/3 - m**2 - 11*m - 14. Let z be n(5). Suppose z*c + 416 = 4*h, -c = -4*h + 2*c + 414. What is the tens digit of h?
0
Suppose -2*q - 16722 = -4*h, -4*q - 5351 = -2*h + 3001. Suppose 2458 = 16